{"id":144,"date":"2024-08-22T23:33:19","date_gmt":"2024-08-22T23:33:19","guid":{"rendered":"https:\/\/fotomajica.si\/grafika\/?page_id=144"},"modified":"2024-08-22T23:58:06","modified_gmt":"2024-08-22T23:58:06","slug":"vracila-in-zamenjave","status":"publish","type":"page","link":"https:\/\/fotomajica.si\/grafika\/vracila-in-zamenjave\/","title":{"rendered":"Vra\u010dila in zamenjave"},"content":{"rendered":"<h2><strong>Vra\u010dilo artiklov\u00a0<\/strong><\/h2>\n<p>Kupci, ki sklenete kupoprodajno pogodbo-nakup na daljavo skladno z Zakonom o varstvu potro\u0161nikov, imate pravico, da od pogodbe odstopite.<\/p>\n<p>V kolikor izdelek za\u010dnete uporabljati, pa si premislite, izgubite pravico do odstopa od pogodbe.<\/p>\n<p>V primeru odstopa od pogodbe morate prejeto blago vrniti nepo\u0161kodovano in v nespremenjeni koli\u010dini in v nepo\u0161kodovani embala\u017ei, razen \u010de je blago uni\u010deno, pokvarjeno, izgubljeno ali se je njegova koli\u010dina zmanj\u0161ala, ne da bi bil za to krivi vi. Stro\u0161ke vra\u010dila blaga pla\u010da kupec.<\/p>\n<p>Odstopni rok pote\u010de v 14 dneh od dne, ko pridobite fizi\u010dno posest na zadnjem kosu blaga ali jo pridobi namesto vas tretja oseba, ki ni prevoznik, in jo v ta namen dolo\u010dite vi.<\/p>\n<p>Za uveljavitev pravice do odstopa morate na\u0161e podjetje, o svoji odlo\u010ditvi o odstopu od te pogodbe obvestiti z nedvoumno izjavo pisno na na\u0161 naslov (Jo\u017ee Pavli\u010d s.p. Pre\u0161ernova 5, 8000 NM) ali po elektronski po\u0161ti na naslov: reklamacije@fotomajica.si V ta namen lahko uporabite zahtevani odstopni obrazec, vendar to ni obvezno.<\/p>\n<p>Da bi se rok za odstop od pogodbe upo\u0161teval, zado\u0161\u010da, da je obvestilo v zvezi z uveljavljanjem va\u0161e pravice do odstopa od pogodbe poslano pred iztekom odstopnega roka od te pogodbe.<\/p>\n<p>\u010ce odstopite od te pogodbe, vam brez nepotrebnega odla\u0161anja in v vsakem primeru najpozneje v 14 dneh od dneva prejetja obvestila o va\u0161i odlo\u010ditvi o odstopu od te pogodbe, povrnemo vsa z va\u0161e strani prejeta pla\u010dila, vklju\u010dno s stro\u0161ki dostave (razen dodatnih stro\u0161kov zaradi izbire vrste dostave, ki ni z na\u0161e strani ponujena cenovno najugodnej\u0161a standardna oblika dostave). Tak\u0161no povra\u010dilo bomo izvr\u0161ili z enakim pla\u010dilnim sredstvom, ki ste ga uporabili sami pri izvedbi prvotne transakcije, razen \u010de ste se izrecno dogovorili druga\u010de; v nobenem primeru zaradi tak\u0161nega povra\u010dila ne boste imeli kakr\u0161nih koli stro\u0161kov.<\/p>\n<p>Pla\u010dilo lahko zadr\u017eimo, dokler ne prejmemo vrnjenega blaga ali dokler nam ne posredujete dokaza, da ste blago poslali nazaj, odvisno od tega, kateri dogodek se zgodi prej.<\/p>\n<p><strong>Neposredne stro\u0161ke vra\u010dila blaga nosi kupec.\u00a0<\/strong><\/p>\n","protected":false},"excerpt":{"rendered":"<p>Vra\u010dilo artiklov\u00a0 Kupci, ki sklenete kupoprodajno pogodbo-nakup na daljavo skladno z Zakonom o varstvu potro\u0161nikov, imate pravico, da od pogodbe odstopite. V kolikor izdelek za\u010dnete uporabljati, pa si premislite, izgubite pravico do odstopa od pogodbe. V primeru odstopa od pogodbe morate prejeto blago vrniti nepo\u0161kodovano in v nespremenjeni koli\u010dini in v nepo\u0161kodovani embala\u017ei, razen \u010de [&hellip;]<\/p>\n","protected":false},"author":1,"featured_media":0,"parent":0,"menu_order":0,"comment_status":"closed","ping_status":"closed","template":"page-templates\/page-full-width.php","meta":{"footnotes":""},"class_list":["post-144","page","type-page","status-publish","hentry"],"_links":{"self":[{"href":"https:\/\/fotomajica.si\/grafika\/wp-json\/wp\/v2\/pages\/144","targetHints":{"allow":["GET"]}}],"collection":[{"href":"https:\/\/fotomajica.si\/grafika\/wp-json\/wp\/v2\/pages"}],"about":[{"href":"https:\/\/fotomajica.si\/grafika\/wp-json\/wp\/v2\/types\/page"}],"author":[{"embeddable":true,"href":"https:\/\/fotomajica.si\/grafika\/wp-json\/wp\/v2\/users\/1"}],"replies":[{"embeddable":true,"href":"https:\/\/fotomajica.si\/grafika\/wp-json\/wp\/v2\/comments?post=144"}],"version-history":[{"count":0,"href":"https:\/\/fotomajica.si\/grafika\/wp-json\/wp\/v2\/pages\/144\/revisions"}],"wp:attachment":[{"href":"https:\/\/fotomajica.si\/grafika\/wp-json\/wp\/v2\/media?parent=144"}],"curies":[{"name":"wp","href":"https:\/\/api.w.org\/{rel}","templated":true}]}}